
232
What is the highest common factor of 384 and 1654681856?
128
What is the greatest common factor of 809550 and 14907285?
11565
What is the greatest common divisor of 39323165 and 7?
7
Calculate the greatest common divisor of 1177 and 5118559.
107
What is the highest common factor of 768 and 71522816?
256
What is the greatest common factor of 12661782 and 175?
7
Calculate the highest common factor of 5902 and 419770.
26
Calculate the greatest common divisor of 933 and 1097.
1
What is the greatest common divisor of 163493290 and 10830?
3610
What is the highest common divisor of 340985 and 5808353?
1451
What is the greatest common factor of 411207604 and 2876?
2876
What is the highest common factor of 51780396 and 532?
76
What is the highest common divisor of 26713212 and 1104?
276
What is the highest common factor of 3036 and 1110043572?
3036
Calculate the greatest common divisor of 4634388 and 24354.
594
What is the highest common factor of 37038267 and 3381?
147
Calculate the greatest common factor of 8034448 and 425520.
3152
Calculate the highest common divisor of 1525 and 51575.
25
What is the highest common factor of 14127 and 535449?
51
Calculate the greatest common divisor of 4405896 and 1848.
264
Calculate the highest common divisor of 591952 and 3176.
8
Calculate the highest common factor of 410729 and 1837.
11
Calculate the greatest common factor of 5726 and 6646659.
409
What is the greatest common divisor of 110139 and 837?
3
Calculate the highest common factor of 52991 and 1084921.
2789
What is the greatest common divisor of 13803012 and 36?
36
Calculate the highest common divisor of 248732640 and 412.
412
Calculate the highest common divisor of 5832 and 2038104.
72
Calculate the greatest common factor of 15609 and 1748337.
129
Calculate the greatest common divisor of 4072836 and 8148.
1164
What is the highest common factor of 1688 and 214088?
8
What is the highest common factor of 206 and 76542390?
206
Calculate the greatest common factor of 360077280 and 480.
480
Calculate the highest common factor of 6280 and 3882760.
40
Calculate the greatest common divisor of 66 and 1051284.
6
What is the greatest common divisor of 2539920 and 222?
6
Calculate the highest common factor of 73367688 and 53.
53
What is the greatest common divisor of 15947 and 28527?
37
What is the greatest common factor of 2481467 and 23237?
1223
What is the greatest common divisor of 57200 and 4060940?
260
Calculate the highest common divisor of 470488 and 9936.
184
Calculate the greatest common factor of 74 and 245798807.
37
What is the highest common factor of 817316655 and 685?
685
What is the greatest common divisor of 1199365 and 125?
5
What is the highest common factor of 1031631 and 80271?
2973
Calculate the highest common factor of 22086 and 163971.
27
Calculate the greatest common factor of 5825953565 and 19.
19
What is the greatest common divisor of 192 and 17014656?
192
What is the greatest common factor of 1038 and 4527064?
346
Calculate the greatest common factor of 100956 and 162984.
12
Calculate the greatest common divisor of 3315 and 1590095.
1105
Calculate the highest common divisor of 274 and 3856276.
274
What is the greatest common divisor of 106996469 and 62?
31
What is the greatest common divisor of 4185635 and 14680?
1835
Calculate the highest common factor of 61917488 and 272.
16
What is the greatest common factor of 17186 and 7015193?
661
What is the highest common factor of 26823813 and 3?
3
Calculate the highest common factor of 103059 and 13257.
27
What is the highest common divisor of 931 and 5525618?
133
What is the highest common divisor of 371 and 9571975?
7
What is the highest common factor of 35189 and 4986674?
77
What is the highest common factor of 56169 and 64701?
711
Calculate the highest common divisor of 3249 and 10457809.
361
What is the greatest common factor of 24 and 36650778?
6
Calculate the highest common divisor of 7657234 and 52.
26
Calculate the greatest common divisor of 98 and 1838921.
49
Calculate the greatest common divisor of 5705 and 478345.
35
What is the greatest common divisor of 3116655 and 153?
9
What is the greatest common divisor of 88688606 and 4542?
1514
Calculate the highest common factor of 441 and 66479231.
49
What is the greatest common factor of 27366352 and 168?
8
Calculate the highest common factor of 61694 and 58424.
218
What is the greatest common factor of 1048 and 340320?
8
What is the greatest common divisor of 132992 and 21376?
128
What is the greatest common divisor of 49038354 and 342?
342
What is the greatest common divisor of 40425 and 1101485?
385
What is the greatest common factor of 55126 and 11868?
86
Calculate the greatest common factor of 22718 and 675250.
74
Calculate the greatest common factor of 274476 and 6169836.
1068
What is the highest common divisor of 18825096 and 72?
24
Calculate the greatest common factor of 39407 and 118849.
157
What is the highest common factor of 296 and 62332272?
296
What is the highest common factor of 19872 and 158576076?
2484
What is the highest common divisor of 6975 and 19171485?
1395
What is the highest common factor of 18888 and 1570852?
3148
What is the greatest common divisor of 8024 and 787678?
34
What is the greatest common factor of 415 and 312270900?
415
Calculate the greatest common factor of 19096482 and 1524.
762
Calculate the greatest common divisor of 605675 and 7188497.
3461
Calculate the highest common divisor of 24 and 1541202.
6
Calculate the greatest common factor of 10600 and 265700.
100
What is the highest common divisor of 351202801 and 23?
23
What is the highest common factor of 6060150 and 324?
54
Calculate the greatest common factor of 33306586 and 4588.
2294
What is the greatest common divisor of 129 and 7502597?
43
Calculate the highest common divisor of 3 and 22241613.
3
What is the greatest common factor of 192 and 1075332?
12
What is the highest common divisor of 7095 and 11655?
15
Calculate the greatest common divisor of 233447774 and 5117.
5117
What is the greatest common divisor of 17 and 12264837?
17
Calculate the greatest common divisor of 6526497 and 86.
43
What is the greatest common factor of 69974 and 23718?
118
Calculate the greatest common factor of 32 and 9532168.
8
Calculate the greatest common divisor of 325 and 4218025.
25
What is the highest common divisor of 2700953 and 4206?
701
What is the greatest common divisor of 34260686 and 2466?
274
What is the highest common divisor of 5864016 and 192?
48
Calculate the highest common divisor of 9 and 10882116.
9
What is the highest common divisor of 7566976 and 620?
124
What is the greatest common divisor of 75 and 542498325?
75
What is the greatest common divisor of 1218 and 40859574?
42
What is the greatest common factor of 66 and 3205730?
22
What is the greatest common divisor of 97 and 41075717?
97
What is the greatest common factor of 2468 and 2786989?
617
Calculate the highest common factor of 219 and 4589729.
73
Calculate the highest common factor of 36022 and 741749586.
5146
What is the highest common factor of 54432 and 70938?
126
What is the highest common factor of 158355 and 31545?
45
What is the greatest common divisor of 225262 and 466808?
2714
What is the greatest common divisor of 44895 and 247845?
615
Calculate the greatest common factor of 680 and 4156420.
20
Calculate the highest common divisor of 1514 and 950961568.
1514
Calculate the highest common factor of 13609 and 1708588.
439
Calculate the greatest common divisor of 74521265 and 483.
161
What is the greatest common divisor of 10117 and 17579722?
151
What is the greatest common divisor of 2324151 and 2384805?
2757
What is the greatest common divisor of 5947 and 36069181?
313
Calculate the greatest common divisor of 20301315 and 510.
255
Calculate the greatest common factor of 28186 and 1681793.
17
Calculate the greatest common factor of 25373088 and 78.
78
Calculate the greatest common divisor of 13016433 and 6.
3
Calculate the greatest common divisor of 136646849 and 6508.
1627
What is the greatest common factor of 8965 and 901340?
55
Calculate the highest common factor of 9592 and 33429319.
1199
Calculate the greatest common divisor of 44200714 and 408.
34
What is the gr